[INFO] fetching crate ruspiro-timer 0.4.0...
[INFO] checking ruspiro-timer-0.4.0 against master#af3c6e733a40e671550e0f0f5aeecaa13772ba56 for pr-74989
[INFO] extracting crate ruspiro-timer 0.4.0 into /workspace/builds/worker-3/source
[INFO] validating manifest of crates.io crate ruspiro-timer 0.4.0 on toolchain af3c6e733a40e671550e0f0f5aeecaa13772ba56
[INFO] running `Command { std: "/workspace/cargo-home/bin/cargo" "+af3c6e733a40e671550e0f0f5aeecaa13772ba56" "read-manifest" "--manifest-path" "Cargo.toml", kill_on_drop: false }`
[INFO] started tweaking crates.io crate ruspiro-timer 0.4.0
[INFO] finished tweaking crates.io crate ruspiro-timer 0.4.0
[INFO] tweaked toml for crates.io crate ruspiro-timer 0.4.0 written to /workspace/builds/worker-3/source/Cargo.toml
[INFO] running `Command { std: "/workspace/cargo-home/bin/cargo" "+af3c6e733a40e671550e0f0f5aeecaa13772ba56" "generate-lockfile" "--manifest-path" "Cargo.toml" "-Zno-index-update", kill_on_drop: false }`
[INFO] running `Command { std: "/workspace/cargo-home/bin/cargo" "+af3c6e733a40e671550e0f0f5aeecaa13772ba56" "fetch" "--locked" "--manifest-path" "Cargo.toml", kill_on_drop: false }`
[INFO] running `Command { std: "docker" "create" "-v" "/var/lib/crater-agent-workspace/builds/worker-3/target:/opt/rustwide/target:rw,Z" "-v" "/var/lib/crater-agent-workspace/builds/worker-3/source:/opt/rustwide/workdir:ro,Z" "-v" "/var/lib/crater-agent-workspace/cargo-home:/opt/rustwide/cargo-home:ro,Z" "-v" "/var/lib/crater-agent-workspace/rustup-home:/opt/rustwide/rustup-home:ro,Z" "-e" "SOURCE_DIR=/opt/rustwide/workdir" "-e" "CARGO_TARGET_DIR=/opt/rustwide/target" "-e" "CARGO_HOME=/opt/rustwide/cargo-home" "-e" "RUSTUP_HOME=/opt/rustwide/rustup-home" "-w" "/opt/rustwide/workdir" "-m" "1610612736" "--user" "0:0" "--network" "none" "rustops/crates-build-env@sha256:d92eaeed33fa75130ca1ee6c8a01d1ffb62bac859dfdfb3450e3e5d1c0146529" "/opt/rustwide/cargo-home/bin/cargo" "+af3c6e733a40e671550e0f0f5aeecaa13772ba56" "metadata" "--no-deps" "--format-version=1", kill_on_drop: false }`
[INFO] [stdout] 07d69e4be1b15e95d6402430dbf261c7a9edeab1b3a27ad78743c43dc028f9be
[INFO] [stderr] WARNING: Your kernel does not support swap limit capabilities or the cgroup is not mounted. Memory limited without swap.
[INFO] running `Command { std: "docker" "start" "-a" "07d69e4be1b15e95d6402430dbf261c7a9edeab1b3a27ad78743c43dc028f9be", kill_on_drop: false }`
[INFO] running `Command { std: "docker" "inspect" "07d69e4be1b15e95d6402430dbf261c7a9edeab1b3a27ad78743c43dc028f9be", kill_on_drop: false }`
[INFO] running `Command { std: "docker" "rm" "-f" "07d69e4be1b15e95d6402430dbf261c7a9edeab1b3a27ad78743c43dc028f9be", kill_on_drop: false }`
[INFO] [stdout] 07d69e4be1b15e95d6402430dbf261c7a9edeab1b3a27ad78743c43dc028f9be
[INFO] running `Command { std: "docker" "create" "-v" "/var/lib/crater-agent-workspace/builds/worker-3/target:/opt/rustwide/target:rw,Z" "-v" "/var/lib/crater-agent-workspace/builds/worker-3/source:/opt/rustwide/workdir:ro,Z" "-v" "/var/lib/crater-agent-workspace/cargo-home:/opt/rustwide/cargo-home:ro,Z" "-v" "/var/lib/crater-agent-workspace/rustup-home:/opt/rustwide/rustup-home:ro,Z" "-e" "SOURCE_DIR=/opt/rustwide/workdir" "-e" "CARGO_TARGET_DIR=/opt/rustwide/target" "-e" "CARGO_INCREMENTAL=0" "-e" "RUST_BACKTRACE=full" "-e" "RUSTFLAGS=--cap-lints=forbid" "-e" "CARGO_HOME=/opt/rustwide/cargo-home" "-e" "RUSTUP_HOME=/opt/rustwide/rustup-home" "-w" "/opt/rustwide/workdir" "-m" "1610612736" "--user" "0:0" "--network" "none" "rustops/crates-build-env@sha256:d92eaeed33fa75130ca1ee6c8a01d1ffb62bac859dfdfb3450e3e5d1c0146529" "/opt/rustwide/cargo-home/bin/cargo" "+af3c6e733a40e671550e0f0f5aeecaa13772ba56" "check" "--frozen" "--all" "--all-targets" "--message-format=json", kill_on_drop: false }`
[INFO] [stderr] WARNING: Your kernel does not support swap limit capabilities or the cgroup is not mounted. Memory limited without swap.
[INFO] [stdout] 84557e2a576135463c8ae52c0ac8f5b3a681adc3cc074044d9a8c993e608cc65
[INFO] running `Command { std: "docker" "start" "-a" "84557e2a576135463c8ae52c0ac8f5b3a681adc3cc074044d9a8c993e608cc65", kill_on_drop: false }`
[INFO] [stderr]    Compiling proc-macro2 v0.4.30
[INFO] [stderr]    Compiling unicode-xid v0.1.0
[INFO] [stderr]    Compiling syn v0.15.44
[INFO] [stderr]     Checking ruspiro-interrupt-core v0.3.1
[INFO] [stderr]     Checking ruspiro-register v0.4.3
[INFO] [stderr]    Compiling paste v1.0.0
[INFO] [stderr]     Checking ruspiro-singleton v0.3.1
[INFO] [stderr]    Compiling quote v0.6.13
[INFO] [stderr]    Compiling ruspiro-interrupt-macros v0.2.1
[INFO] [stderr]     Checking ruspiro-interrupt v0.3.1
[INFO] [stderr]     Checking ruspiro-timer v0.4.0 (/opt/rustwide/workdir)
[INFO] [stdout] implement handler for IRQ: "SystemTimer1"
[INFO] [stdout] implement handler for IRQ: "SystemTimer1"
[INFO] [stdout] error[E0425]: cannot find value `PERIPHERAL_BASE` in this scope
[INFO] [stdout]   --> src/interface.rs:19:29
[INFO] [stdout]    |
[INFO] [stdout] 19 | const SYS_TIMER_BASE: u32 = PERIPHERAL_BASE + 0x3000;
[INFO] [stdout]    |                             ^^^^^^^^^^^^^^^ not found in this scope
[INFO] [stdout] 
[INFO] [stdout] 
[INFO] [stdout] error[E0425]: cannot find value `PERIPHERAL_BASE` in this scope
[INFO] [stdout]   --> src/interface.rs:22:29
[INFO] [stdout]    |
[INFO] [stdout] 22 | const ARM_TIMER_BASE: u32 = PERIPHERAL_BASE + 0xB000;
[INFO] [stdout]    |                             ^^^^^^^^^^^^^^^ not found in this scope
[INFO] [stdout] 
[INFO] [stdout] 
[INFO] [stdout] error[E0425]: cannot find value `PERIPHERAL_BASE` in this scope
[INFO] [stdout]   --> src/interface.rs:19:29
[INFO] [stdout]    |
[INFO] [stdout] 19 | const SYS_TIMER_BASE: u32 = PERIPHERAL_BASE + 0x3000;
[INFO] [stdout]    |                             ^^^^^^^^^^^^^^^ not found in this scope
[INFO] [stdout] 
[INFO] [stdout] 
[INFO] [stdout] error[E0425]: cannot find value `PERIPHERAL_BASE` in this scope
[INFO] [stdout]   --> src/interface.rs:22:29
[INFO] [stdout]    |
[INFO] [stdout] 22 | const ARM_TIMER_BASE: u32 = PERIPHERAL_BASE + 0xB000;
[INFO] [stdout]    |                             ^^^^^^^^^^^^^^^ not found in this scope
[INFO] [stdout] 
[INFO] [stdout] 
[INFO] [stdout] error: aborting due to 2 previous errors
[INFO] [stdout] 
[INFO] [stdout] 
[INFO] [stdout] For more information about this error, try `rustc --explain E0425`.
[INFO] [stdout] 
[INFO] [stderr] error: could not compile `ruspiro-timer`.
[INFO] [stderr] 
[INFO] [stderr] To learn more, run the command again with --verbose.
[INFO] [stderr] warning: build failed, waiting for other jobs to finish...
[INFO] [stdout] error: aborting due to 2 previous errors
[INFO] [stdout] 
[INFO] [stdout] 
[INFO] [stdout] For more information about this error, try `rustc --explain E0425`.
[INFO] [stdout] 
[INFO] [stderr] error: build failed
[INFO] running `Command { std: "docker" "inspect" "84557e2a576135463c8ae52c0ac8f5b3a681adc3cc074044d9a8c993e608cc65", kill_on_drop: false }`
[INFO] running `Command { std: "docker" "rm" "-f" "84557e2a576135463c8ae52c0ac8f5b3a681adc3cc074044d9a8c993e608cc65", kill_on_drop: false }`
[INFO] [stdout] 84557e2a576135463c8ae52c0ac8f5b3a681adc3cc074044d9a8c993e608cc65
